he units digit of 451602?
2
What is the ten thousands digit of 257518?
5
What is the hundred thousands digit of 336927?
3
What is the thousands digit of 2172295?
2
What is the hundred thousands digit of 8847455?
8
What is the tens digit of 4866308?
0
What is the tens digit of 8498598?
9
What is the tens digit of 27286474?
7
What is the hundreds digit of 251927?
9
What is the hundred thousands digit of 1729025?
7
What is the hundreds digit of 5999645?
6
What is the thousands digit of 8506578?
6
What is the ten millions digit of 12558112?
1
What is the units digit of 376662?
2
What is the hundred thousands digit of 7863559?
8
What is the ten millions digit of 12842245?
1
What is the hundreds digit of 871477?
4
What is the tens digit of 1551987?
8
What is the tens digit of 1285095?
9
What is the thousands digit of 622778?
2
What is the millions digit of 6660558?
6
What is the hundred thousands digit of 2852021?
8
What is the ten thousands digit of 246702?
4
What is the ten thousands digit of 488978?
8
What is the tens digit of 5158386?
8
What is the millions digit of 4322808?
4
What is the tens digit of 5675233?
3
What is the ten thousands digit of 1220358?
2
What is the hundreds digit of 9476024?
0
What is the tens digit of 706704?
0
What is the thousands digit of 771923?
1
What is the units digit of 541406?
6
What is the ten thousands digit of 32278?
3
What is the tens digit of 5642026?
2
What is the units digit of 224640?
0
What is the ten thousands digit of 353592?
5
What is the hundreds digit of 457867?
8
What is the millions digit of 4030492?
4
What is the thousands digit of 462415?
2
What is the tens digit of 55312?
1
What is the millions digit of 19898805?
9
What is the ten millions digit of 23106653?
2
What is the thousands digit of 15454288?
4
What is the tens digit of 1938128?
2
What is the units digit of 34648501?
1
What is the hundred thousands digit of 355187?
3
What is the hundreds digit of 7322?
3
What is the ten thousands digit of 13295086?
9
What is the hundreds digit of 7507156?
1
What is the thousands digit of 8095207?
5
What is the tens digit of 606174?
7
What is the tens digit of 356508?
0
What is the hundred thousands digit of 670105?
6
What is the units digit of 155332?
2
What is the tens digit of 623467?
6
What is the ten thousands digit of 33359034?
5
What is the hundreds digit of 1747721?
7
What is the units digit of 7002193?
3
What is the hundred thousands digit of 15688525?
6
What is the tens digit of 1172670?
7
What is the ten thousands digit of 2614243?
1
What is the tens digit of 291249?
4
What is the millions digit of 3499594?
3
What is the thousands digit of 6389767?
9
What is the millions digit of 1823804?
1
What is the tens digit of 48193?
9
What is the hundreds digit of 2031890?
8
What is the units digit of 6012809?
9
What is the thousands digit of 335420?
5
What is the hundreds digit of 53397?
3
What is the hundreds digit of 3092829?
8
What is the ten millions digit of 11076478?
1
What is the millions digit of 15125563?
5
What is the units digit of 343198?
8
What is the ten millions digit of 20519419?
2
What is the tens digit of 3341072?
7
What is the tens digit of 188407?
0
What is the thousands digit of 2128714?
8
What is the hundred thousands digit of 2898622?
8
What is the hundreds digit of 487487?
4
What is the ten thousands digit of 276756?
7
What is the hundred thousands digit of 14317124?
3
What is the thousands digit of 5177325?
7
What is the millions digit of 2157675?
2
What is the ten thousands digit of 2626767?
2
What is the hundreds digit of 31139?
1
What is the ten thousands digit of 1090189?
9
What is the millions digit of 4758627?
4
What is the units digit of 434808?
8
What is the hundreds digit of 509064?
0
What is the tens digit of 19460668?
6
What is the tens digit of 2634490?
9
What is the hundreds digit of 200127?
1
What is the units digit of 8278473?
3
What is the units digit of 207836?
6
What is the units digit of 2657751?
1
What is the thousands digit of 194725?
4
What is the tens digit of 705456?
5
What is the millions digit of 8384877?
8
What is the hundreds digit of 5420?
4
What is the tens digit of 933484?
8
What is the millions digit of 2152611?
2
What is the tens digit of 116501?
0
What is the hundreds digit of 204635?
6
What is the thousands digit of 3277879?
7
What is the thousands digit of 997383?
7
What is the hundred thousands digit of 22627568?
6
What is the tens digit of 281378?
7
What is the ten thousands digit of 180829?
8
What is the millions digit of 1760123?
1
What is the tens digit of 2247073?
7
What is the ten thousands digit of 236668?
3
What is the tens digit of 2736796?
9
What is the hundreds digit of 12850998?
9
What is the hundreds digit of 49543?
5
What is the hundreds digit of 26605?
6
What is the hundreds digit of 138896?
8
What is the millions digit of 39978772?
9
What is the units digit of 305433?
3
What is the ten thousands digit of 13718601?
1
What is the units digit of 214918?
8
What is the hundred thousands digit of 1254976?
2
What is the units digit of 286210?
0
What is the thousands digit of 608219?
8
What is the millions digit of 8614003?
8
What is the hundreds digit of 240605?
6
What is the hundreds digit of 588405?
4
What is the tens digit of 177842?
4
What is the hundreds digit of 250511?
5
What is the units digit of 104944?
4
What is the hundred thousands digit of 461727?
4
What is the units digit of 25479?
9
What is the tens digit of 2025372?
7
What is the ten millions digit of 19023662?
1
What is the hundreds digit of 398351?
3
What is the hundreds digit of 12377?
3
What is the ten thousands digit of 25630?
2
What is the units digit of 796263?
3
What is the millions digit of 5343396?
5
What is the millions digit of 12473071?
2
What is the tens digit of 5688100?
0
What is the hundreds digit of 65619?
6
What is the ten thousands digit of 21684?
2
What is the thousands digit of 6370?
6
What is the ten thousands digit of 123140?
2
What is the hundred thousands digit of 3010496?
0
What is the units digit of 139712?
2
What is the tens digit of 5446374?
7
What is the thousands digit of 2957102?
7
What is the hundreds digit of 94629?
6
What is the hundreds digit of 2401449?
4
What is the units digit of 267390?
0
What is the ten thousands digit of 204141?
0
What is the ten thousands digit of 265986?
6
What is the thousands digit of 2431550?
1
What is the units digit of 702817?
7
What is the thousands digit of 1161243?
1
What is the units digit of 14310133?
3
What is the thousands digit of 304006?
4
What is the ten thousands digit of 311669?
1
What is the tens digit of 7525?
2
What is the millions digit of 15411041?
5
What is the ten thousands digit of 15482720?
8
What is the ten thousands digit of 10514500?
1
What is the hundred thousands digit of 683061?
6
What is the units digit of 573058?
8
What is the thousands digit of 349002?
9
What is the hundreds digit of 409927?
9
What is the tens digit of 3732272?
7
What is the thousands digit of 540326?
0
What is the hundred thousands digit of 3025112?
0
What is the units digit of 1815743?
3
What is the hundreds digit of 63193?
1
What is the tens digit of 9019333?
3
What is the tens digit of 1253165?
6
What is the millions digit of 2070128?
2
What is the millions digit of 10087411?
0
What is the thousands digit of 2878657?
8
What is the thousands digit of 294838?
4
What is the units digit of 1212154?
4
What is the hundred thousands digit of 1933644?
9
What is the tens digit of 381529?
2
What is the millions digit of 10347300?
0
What is the ten thousands digit of 375253?
7
What is the ten thousands digit of 1362733?
6
What is the ten millions digit of 38873283?
3
What is the units digit of 1981093?
3
What is the thousands digit of 918769?
8
What is the hundreds digit of 3286874?
8
What is the hundreds digit of 8613866?
8
What is the hundred thousands digit of 132403?
1
What is the tens digit of 1291731?
3
What is the hundreds digit of 369156?
1
What is the units digit of 5995947?
7
What is the hundreds digit of 198897?
8
What is the thousands digit of 1434730?
4
What is the units digit of 2642705?
5
What is the units digit of 792328?
8
What is the hundred thousands digit of 406794?
4
What is the hundreds